e
Let r(a) = 1759*a**2 + 2*a + 2. Is r(-1) prime?
True
Suppose -32*z + 210812 = -5540. Is z prime?
True
Is 42/35 - 32/10 - -8889 a prime number?
True
Let q = 74108 + -37819. Is q composite?
True
Let j(k) = 59*k**2 + 142*k - 40. Is j(21) composite?
False
Let p = -20 - -24. Let t(u) = 3*u**3 - 6*u**2 - p - 5 + 7. Is t(5) composite?
False
Let j(s) = -s**2 - 2*s. Let r be j(-2). Is r - 11920/(-7) - (-4)/28 composite?
True
Let h(c) = 768*c**2 - 37*c - 93. Is h(-4) composite?
False
Let k = 16 - 11. Suppose q - k*i = -0*i + 25, -3*q = -i - 5. Suppose q = -3*p - 3*m + 90, -3*p + 0*m + 2*m + 105 = 0. Is p a composite number?
True
Let r = -34 + 37. Suppose -8*u - 397 = -j - r*u, j - 397 = u. Is j composite?
False
Suppose 2*b + 3*f - 1110 = f, b = -2*f + 559. Is b composite?
True
Let o(g) = 3*g**3 - g. Let d be (-2)/(-4) + (-2)/(-4). Let p be o(d). Suppose 199 = 3*q - p*q. Is q a prime number?
True
Let m = -37 - -50. Suppose 2*i - 54 = 3*k + 13, 4*i + 4*k - 144 = 0. Suppose m*u = 14*u - i. Is u prime?
False
Suppose 3*p + p = -x + 3521, 0 = -5*p - x + 4400. Suppose -8*o - 149 + 165 = 0. Suppose -o*m + p = m. Is m prime?
True
Let k be (-2)/(-10) - 16/5. Is (-40010)/(-45) - k/(-27) a prime number?
False
Is (4/8)/(4/47032) a prime number?
True
Let r(q) = 483*q + 6. Let c be r(-5). Let m = c + 4058. Is m composite?
True
Suppose 15*h = 12*h + 12. Suppose -h*y + 216 = -y. Suppose -y + 534 = 6*z. Is z a composite number?
True
Suppose 3*l + 6 = -4*h + 161, 0 = -3*h + 15. Let m be (-1)/2 - l/(-10). Suppose 0*z = m*z - 712. Is z prime?
False
Let a be 6 + (2 - 5 - 1). Suppose a*z = -88 + 194. Is z a composite number?
False
Let a = -10804 - -19837. Is a a composite number?
True
Suppose 230 = -4*d + 974. Let i be (-4)/2 - (-562)/2. Suppose -3*q + d + i = 0. Is q a prime number?
False
Suppose -8*a + 29909 = 3*a. Is a a composite number?
False
Suppose 5*g + 124609 = 3*y + 9*g, 0 = 2*y - 2*g - 83082. Is y prime?
True
Let k(a) = -a**3 + 6*a**2 - 4*a - 2. Let g be k(5). Let f = 1 - -4. Suppose -g*z = -f*z + 1558. Is z a prime number?
False
Suppose -3*w = 2*v - 2743, 3*w = -8*v + 12*v + 2731. Is w a prime number?
False
Suppose 3*i = 4*l + 18, 0 = -5*l - 3*i - 36 - 0. Let j = -3 - l. Suppose -2*o = j*o - 1595. Is o prime?
False
Let b = 737 + 1250. Is b a prime number?
True
Let a(t) = -3*t**2 + 5*t - 1. Let q(y) = 4*y**2 - 6*y. Let j(z) = -3*a(z) - 2*q(z). Let g be j(3). Suppose g*h = 123 + 246. Is h a prime number?
False
Let x(d) = d**3 + 3*d**2 + d + 1. Let i be (8/6)/(20/(-30)). Let h be x(i). Is 1/((-1)/(-42)*h) a composite number?
True
Let c(h) = 62*h**2 + 3*h + 199. Is c(-12) a composite number?
False
Let y(w) be the first derivative of w**3 + w**2/2 + 22*w - 5. Suppose -81 = -c - 8*c. Is y(c) a composite number?
True
Suppose 1475774 + 4434824 = 97*l. Is l a composite number?
True
Suppose 2*q + 2*w - 6*w = 0, 2*q - 12 = -2*w. Let z be (-2)/((-24)/9 + 2). Suppose q*v - 142 = z*r - 24, 41 = v + 5*r. Is v a prime number?
True
Is 180/150 + (-242198)/(-10) a prime number?
False
Let t = -10321 + 19598. Is t prime?
True
Suppose 3 + 12 = u. Suppose 4*c - u = -c. Is ((c + -401)/2)/(-1) a prime number?
True
Let w be (156/(-13))/(-1 + 3). Let f(r) = -27*r - 5. Is f(w) prime?
True
Suppose 3*o = -0*o + 66. Let x = 754 + -679. Let s = x + o. Is s prime?
True
Let q(l) = -7646*l - 637. Is q(-6) composite?
True
Let o = 8597 + -2879. Suppose 36*d - 30*d - o = 0. Is d a prime number?
True
Let q = -31101 - -48568. Is q prime?
True
Suppose -3*z = 35 - 35. Suppose z = -94*b + 97*b - 1623. Is b a composite number?
False
Let j(i) = -i**3 - 6*i**2 - 2*i - 10. Let s = 11 + -20. Is j(s) composite?
False
Suppose 4*s = 2*s + i + 3881, 0 = s + 2*i - 1953. Is s a composite number?
True
Let t = 7708 + -3597. Is t a prime number?
True
Let w = 8364 - 3397. Is w prime?
True
Let r(w) = 372*w + 1. Suppose 0*z - 13 = -2*z + 3*t, -4*t = -2*z + 14. Suppose 0 = 5*a + z*x + 5, -a + x - 3 = -6. Is r(a) a prime number?
True
Suppose 5*w - f = 174, 2*w - 176 = -3*w - f. Let s be (-130)/4*868/w. Let b = -549 - s. Is b a composite number?
False
Let t(w) = -94*w**2 + 5*w + 47. Let x(m) = 31*m**2 - m - 14. Let h(k) = 3*t(k) + 10*x(k). Suppose 12 = 2*y + y - 2*f, -3*y = 5*f - 12. Is h(y) composite?
True
Let j = 10173 + -1442. Let c = j + -5778. Is c a composite number?
False
Let j = -33 + 32. Let d be j/(3/(-582))*-2. Is (-8)/(-8) - (d - 0) a prime number?
True
Let s = -59 - -41. Is (-2290)/s + 2 + 60/(-27) composite?
False
Let o(g) = -3*g + 2 + 0*g**3 + 13*g**3 - g**2 - 2*g**3. Let c be o(2). Let b = c - -81. Is b prime?
False
Suppose -2*k + 12 = -5*k. Let o be 1/((k/(-10))/2). Suppose -o*i = 5*w - 190, -2*i + 4*i + w = 73. Is i a composite number?
True
Let j be -20 + 7 + 5 + -2. Let t be (-3 + 0)*j/15. Let o(w) = 31*w**2 - 2. Is o(t) a prime number?
False
Let l(k) = -338*k + 307. Is l(-21) prime?
False
Let l = -23 + 14. Is l/24 + (-27095)/(-40) prime?
True
Let i(n) be the third derivative of n**5/60 + n**4/6 - 5*n**3/2 + 22*n**2. Is i(19) prime?
False
Let n = -21999 - -13194. Is n/(-20)*16/6 a prime number?
False
Let l = -12 + 7. Let f(g) = g + 11. Let i be f(l). Suppose -m - 3335 = -i*m. Is m prime?
False
Let c(k) = 380*k**2 + 7*k + 22. Is c(-5) prime?
False
Suppose -115*i - 112 = -131*i. Let m(g) = 51*g + 14 - 10*g + 54*g. Is m(i) composite?
True
Let l(s) = 18*s**3 - s**2 + s + 23. Is l(4) prime?
True
Let u(h) = -216*h + 19. Let q be u(-8). Suppose -5*a = -0*x + 3*x - q, 2*a = -4*x + 710. Is a composite?
False
Let l be 1/(-4) + (-4244)/(-16). Suppose 2*c = -7*s + 3*s + 1030, l = s - 2*c. Is s prime?
False
Is 43190/(-28)*8/(-10) prime?
False
Let p = 25 + -43. Is 2*(-3)/(p/5217) composite?
True
Suppose -4*u = -n - 2*u + 556, 0 = -2*n - 3*u + 1119. Suppose -2*v + 196 = -n. Is v a composite number?
True
Let q(p) = -94*p + 45. Is q(-17) composite?
True
Suppose -4*y + 396832 = 3*x, 0 = -15*x + 18*x + 12. Is y a composite number?
True
Let f = -3253 - -6770. Is f prime?
True
Let v be (6/(-24))/(3/(-1572)). Suppose 0 = 2*a - a + b - 1, a + 11 = -4*b. Suppose -r + v = w, 401 = -2*w + 5*w + a*r. Is w prime?
True
Suppose -2*f = 5*x - 3591, -f = -0*x - 4*x + 2878. Let b = 1508 - x. Is b prime?
False
Suppose -5*q + 0*q = -100. Is ((-58)/(-4))/(2/q) a prime number?
False
Suppose 3*s - 19 = f + 5*s, -5*s = -5*f - 65. Let t be 6/(-9) + (-40)/f. Suppose -o - 469 = -t*o. Is o a prime number?
False
Let u be -1 + 1/(5/20). Suppose -u*k + 25 = -392. Is k prime?
True
Suppose 27*a - 22 = -103. Let x(n) = -n**2 + 2*n. Let c be x(-3). Is 10/c - 2087/a a prime number?
False
Let a be 1/2 + ((-45)/(-10) - 3). Suppose 0 = a*y - x - 800, 2*x + 2*x - 382 = -y. Is y a composite number?
True
Let j = 43137 - 22892. Is j a prime number?
False
Suppose 2*l = -3*a - 46, -5*a - 3*l + 41 = 119. Let v be (-12)/a - (-20)/(-3). Let z(i) = -24*i - 17. Is z(v) composite?
False
Suppose 44*v + 4*q - 57881 = 39*v, -46288 = -4*v + q. Is v prime?
False
Let h = 39 - 34. Suppose 5*n - 2*f = -h*f + 1100, 2*f = -5*n + 1105. Is n a prime number?
True
Let m(c) = 1051*c + 88. Is m(9) composite?
False
Let l(b) be the first derivative of -13*b**4/4 + b**3 + b**2 - b + 4. Suppose -3*a = -6*a - u - 4, 4*u = 8. Is l(a) prime?
False
Let a(y) = 247*y**2 - 2*y + 4. Suppose 7 + 5 = 4*b. Is a(b) a prime number?
True
Let d(z) be the third derivative of 0*z + z**2 + 0 + 3/2*z**3 + 1/15*z**5 + 1/6*z**4. Is d(-7) composite?
True
Let l be 7/((-21)/(-6)) - -7. Suppose l*g = 4*g + 335. Is g composite?
False
Let p(g) = -g. Let a(b) = 4*b + 14. Let u(k) = a(k) + 3*p(k). Let j be u(-12). Is (-3)/(-12)*j*382 a prime number?
True
Suppose -f + 35 = -87. Let b = f - -101. Is b a prime number?
True
Let y(b) be the second derivative of 0 + 1/12*b**4 + 1/2*b**2 - 4*b + 4/3*b**3. Is y(-12) a composite number?
True
Suppose -4*z = 0, -5*o + 0*z - 13840 = 4*z. Let h be 10/45 + o/(-18). Suppose -2*m + 376 = h. Is m a prime number?
False
Suppose 3*s = 8*s - 100. Suppose -v + s = 4*v. Is 1339/6 - v/24 a prime number?
True
Let z(m) = m + 15. Let p(y) = -3*y**2 + 8*y + 4. Let q be p(4). Let n be z(q). Is n*3*(-262)/(-18) a prime number?
True
Let p be (3/(-5) - -1)*(-9 + 54). Suppose -13*h + p*h = 1285. Is h a prime number?
True
Suppose 0 = 17*u - 1074960 - 825623. Is u composite?
False
Is (-23733542)/(-